{"id":3,"date":"2022-10-21T15:25:23","date_gmt":"2022-10-21T15:25:23","guid":{"rendered":"https:\/\/meryta.com.mx\/web\/?page_id=3"},"modified":"2022-11-01T18:52:05","modified_gmt":"2022-11-01T18:52:05","slug":"privacy-policy","status":"publish","type":"page","link":"https:\/\/meryta.com.mx\/web\/index.php\/privacy-policy\/","title":{"rendered":"Privacy Policy"},"content":{"rendered":"\r\n<h1 class=\"wp-block-heading\" style=\"text-align: center;\">Aviso de privacidad<\/h1>\r\n<p>En cumplimiento a lo se\u00f1alado en la Ley Federal de Protecci\u00f3n de Datos Personales en Posesi\u00f3n de Particulares, Meryta, S.C., con domicilio en Insurgentes Sur 2047, Edificio B,\u00a0Col. Sn \u00c1ngel, Ciudad de M\u00e9xico C.P. 1000 es la empresa responsable de los datos personales que\u00a0recibamos por medio de la comunicaci\u00f3n a trav\u00e9s de correo electr\u00f3nico, de este portal de internet\u00a0 y otros medios.<\/p>\r\n<p>Para los datos de personal en general, de\u00a0funcionarios y propietarios de empresas e instituciones que nos solicitan informaci\u00f3n y\u00a0 en su caso contrataci\u00f3n de los servicios que prestamos, la informaci\u00f3n recabada es utilizada \u00fanicamente para integrar los expedientes de contacto con los clientes y prospectos.\u00a0 En este caso, la informaci\u00f3n\u00a0ser\u00eda b\u00e1sicamente\u00a0relacionada con datos para contactar a la empresa o instituci\u00f3n y a sus funcionarios, incluyendo de manera enunciativa y no limitativa, los nombres de los funcionarios, su cargo, sus n\u00fameros telef\u00f3nicos, correos electr\u00f3nicos y otros para poder mantener la comunicaci\u00f3n.<\/p>\r\n<p>Nuestra empresa protege esta informaci\u00f3n mediante el mantenimiento de medios f\u00edsicos, electr\u00f3nicos y de procedimientos, y con capacitaci\u00f3n espec\u00edfica a nuestro personal para el manejo adecuado de su informaci\u00f3n personal, a fin de impedir que personas y terceros no autorizados tengan acceso a ella.<\/p>\r\n<p>En estricto apego a nuestro Programa de Privacidad y a la Ley en la materia, los datos personales que obtengamos en virtud de los diferentes accesos y servicios prestados por nuestra empresa, ser\u00e1n tratados de manera confidencial a trav\u00e9s de los sistemas provistos para tales efectos.<\/p>\r\n<p>La persona que sea due\u00f1a de los datos personales o su representante legal debidamente acreditado, podr\u00e1 limitar el uso o divulgaci\u00f3n de sus datos personales. As\u00ed tambi\u00e9n \u00a0podr\u00e1 ejercer, cuando procedan, los derechos de acceso, rectificaci\u00f3n, cancelaci\u00f3n u oposici\u00f3n que la Ley prev\u00e9 mediante solicitud presentada en el domicilio arriba se\u00f1alado. El ejercicio de cualquiera de dichos derechos no es requisito previo ni impide el ejercicio de otro.<\/p>\r\n<p>Nuestra empresa podr\u00e1 transferir sus datos personales a terceros mexicanos o extranjeros que le provean de servicios necesarios para la operaci\u00f3n y prestaci\u00f3n de sus servicios.<\/p>\r\n<p>Le informamos que tiene derecho a iniciar un Procedimiento de Protecci\u00f3n de Datos ante el Instituto Federal de Acceso a la Informaci\u00f3n y Protecci\u00f3n de Datos (www.ifai.gob.mx) dentro de los 15 d\u00edas siguientes a la fecha en que reciba nuestra respuesta, a partir de que concluya el plazo de 20 d\u00edas contados a partir de la fecha de recepci\u00f3n de su solicitud de ejercicio de derechos.<\/p>\r\n<p>Cualquier modificaci\u00f3n al presente aviso le ser\u00e1 notificada a trav\u00e9s de un mensaje enviado a su correo electr\u00f3nico o bien, a trav\u00e9s de esta misma p\u00e1gina\u00a0de internet.<\/p>\r\n<p>&nbsp;<\/p>\r\n","protected":false},"excerpt":{"rendered":"<p>Aviso de privacidad En cumplimiento a lo se\u00f1alado en la Ley Federal de Protecci\u00f3n de Datos Personales en Posesi\u00f3n de Particulares, Meryta, S.C., con domicilio en Insurgentes Sur 2047, Edificio B,\u00a0Col. Sn \u00c1ngel, Ciudad de M\u00e9xico C.P. 1000 es la empresa responsable de los datos personales que\u00a0recibamos por medio de la comunicaci\u00f3n a trav\u00e9s de&#8230;<\/p>\n","protected":false},"author":1,"featured_media":0,"parent":0,"menu_order":0,"comment_status":"closed","ping_status":"open","template":"","meta":{"footnotes":""},"class_list":["post-3","page","type-page","status-publish","hentry"],"_links":{"self":[{"href":"https:\/\/meryta.com.mx\/web\/index.php\/wp-json\/wp\/v2\/pages\/3","targetHints":{"allow":["GET"]}}],"collection":[{"href":"https:\/\/meryta.com.mx\/web\/index.php\/wp-json\/wp\/v2\/pages"}],"about":[{"href":"https:\/\/meryta.com.mx\/web\/index.php\/wp-json\/wp\/v2\/types\/page"}],"author":[{"embeddable":true,"href":"https:\/\/meryta.com.mx\/web\/index.php\/wp-json\/wp\/v2\/users\/1"}],"replies":[{"embeddable":true,"href":"https:\/\/meryta.com.mx\/web\/index.php\/wp-json\/wp\/v2\/comments?post=3"}],"version-history":[{"count":1,"href":"https:\/\/meryta.com.mx\/web\/index.php\/wp-json\/wp\/v2\/pages\/3\/revisions"}],"predecessor-version":[{"id":153,"href":"https:\/\/meryta.com.mx\/web\/index.php\/wp-json\/wp\/v2\/pages\/3\/revisions\/153"}],"wp:attachment":[{"href":"https:\/\/meryta.com.mx\/web\/index.php\/wp-json\/wp\/v2\/media?parent=3"}],"curies":[{"name":"wp","href":"https:\/\/api.w.org\/{rel}","templated":true}]}}